ime?
True
Is 16220797 a composite number?
True
Is 13270427 composite?
False
Is 53614007 a prime number?
True
Is 297355153 composite?
True
Is 10368817 composite?
True
Is 663298507 a prime number?
True
Is 199483 a composite number?
False
Is 35895983 a composite number?
False
Is 1045587019 prime?
True
Is 3755 prime?
False
Is 117782831 a prime number?
True
Is 5621983 a prime number?
True
Is 3802921 composite?
True
Is 9413633 composite?
False
Is 3872771 composite?
True
Is 1230423 a prime number?
False
Is 8711137 a composite number?
False
Is 5770343 composite?
False
Is 801947 a prime number?
True
Is 528189 prime?
False
Is 4948435 a composite number?
True
Is 596407195 prime?
False
Is 14050389 composite?
True
Is 165905527 a composite number?
True
Is 623093 composite?
True
Is 19991849 prime?
False
Is 316177 a composite number?
False
Is 1964371 a composite number?
True
Is 121269 a prime number?
False
Is 456949 a prime number?
True
Is 73135679 prime?
False
Is 26905 composite?
True
Is 794147 a composite number?
True
Is 8819663 a prime number?
False
Is 181381247 a prime number?
True
Is 10286698 a prime number?
False
Is 123750559 prime?
False
Is 395568839 composite?
True
Is 755759 a composite number?
False
Is 87102371 a prime number?
True
Is 2075407 composite?
True
Is 5418577 a composite number?
True
Is 73298971 a prime number?
True
Is 708144767 composite?
True
Is 542821 a prime number?
True
Is 705597 prime?
False
Is 2748329 prime?
False
Is 260071157 a composite number?
False
Is 7579679 prime?
True
Is 26078839 a prime number?
False
Is 36940433 a prime number?
True
Is 86208743 prime?
False
Is 14272957 a prime number?
True
Is 16294241 composite?
False
Is 5345999 a prime number?
True
Is 11910365 a prime number?
False
Is 84726769 composite?
False
Is 6253873 a composite number?
False
Is 3144389 a composite number?
False
Is 17651941 a prime number?
False
Is 125154941 a prime number?
True
Is 55705151 a prime number?
True
Is 6521987 prime?
True
Is 16303733 composite?
False
Is 1632157 composite?
True
Is 8744366 a composite number?
True
Is 2661359 prime?
False
Is 109841693 composite?
True
Is 4536857 prime?
False
Is 829837 a composite number?
True
Is 298434047 a composite number?
False
Is 56162011 a composite number?
False
Is 8934127 composite?
False
Is 46481047 composite?
False
Is 3561359 composite?
False
Is 4608743 a prime number?
True
Is 6168731 prime?
True
Is 375190511 prime?
False
Is 31880281 a prime number?
True
Is 4252621 composite?
True
Is 52681601 composite?
True
Is 11116177 composite?
False
Is 118329551 prime?
False
Is 6893987 a composite number?
False
Is 257500747 a prime number?
False
Is 2378107 prime?
True
Is 111872383 prime?
False
Is 40023587 prime?
True
Is 5095309 composite?
True
Is 7327483 composite?
True
Is 11593627 prime?
True
Is 294457333 a prime number?
True
Is 967693 a composite number?
False
Is 13372091 a prime number?
True
Is 1268731 a composite number?
False
Is 37760759 prime?
False
Is 38024989 composite?
False
Is 266462333 composite?
True
Is 60086311 prime?
True
Is 13255609 a composite number?
False
Is 296443507 a composite number?
False
Is 296755673 prime?
True
Is 1879759 a composite number?
True
Is 30948067 prime?
True
Is 83621687 a prime number?
True
Is 11625415 prime?
False
Is 544866883 a prime number?
False
Is 5436097 a prime number?
False
Is 217660373 composite?
True
Is 123947741 prime?
True
Is 464069 a prime number?
True
Is 4643321 a composite number?
False
Is 1139111 prime?
False
Is 2687023 a composite number?
False
Is 12243913 composite?
True
Is 382221079 composite?
True
Is 10778431 a composite number?
True
Is 59892397 a prime number?
True
Is 6076271 prime?
False
Is 38236955 composite?
True
Is 22977433 a prime number?
True
Is 26647366 composite?
True
Is 71087 a prime number?
False
Is 199999469 composite?
True
Is 40209989 prime?
True
Is 5815057 a composite number?
False
Is 513748463 prime?
True
Is 18802838 a prime number?
False
Is 8605477 a prime number?
False
Is 675245 a prime number?
False
Is 126013763 a composite number?
True
Is 3488879 composite?
False
Is 89084473 prime?
False
Is 19483889 prime?
True
Is 2348845 prime?
False
Is 283239331 a composite number?
False
Is 19717871 prime?
True
Is 442441057 composite?
True
Is 6080311 a composite number?
False
Is 56494331 a prime number?
True
Is 13393483 composite?
False
Is 2760211 composite?
True
Is 28899083 composite?
False
Is 2626737 prime?
False
Is 2467723 composite?
True
Is 2122447 prime?
False
Is 2258101 a prime number?
False
Is 2836207 prime?
False
Is 75032065 a prime number?
False
Is 1986209 a prime number?
False
Is 40378223 prime?
True
Is 59484329 prime?
False
Is 167323454 a composite number?
True
Is 10312657 a prime number?
True
Is 8474267 a prime number?
True
Is 8928301 prime?
False
Is 291355349 a prime number?
True
Is 403735763 a composite number?
False
Is 24750191 composite?
True
Is 32698973 prime?
False
Is 12019619 a composite number?
False
Is 413818909 prime?
False
Is 1468201 composite?
True
Is 286027705 composite?
True
Is 4554371 a composite number?
True
Is 7176419 composite?
False
Is 3534073 prime?
False
Is 5843147 composite?
False
Is 29004454 composite?
True
Is 8381806 a prime number?
False
Is 124534511 a composite number?
False
Is 3935467 composite?
True
Is 5235029 prime?
True
Is 27167153 prime?
False
Is 158843119 prime?
True
Is 5547133 a prime number?
True
Is 2770367 a composite number?
False
Is 1717405 a prime number?
False
Is 16001729 prime?
True
Is 13950359 composite?
False
Is 108313949 a prime number?
False
Is 1595401 prime?
True
Is 63583577 a composite number?
False
Is 13886107 a composite number?
False
Is 10427609 a prime number?
True
Is 10470619 a composite number?
False
Is 3775409 composite?
True
Is 624221 a prime number?
False
Is 8076319 composite?
False
Is 5974333 a prime number?
True
Is 255182819 composite?
False
Is 3857237 composite?
True
Is 18829823 composite?
True
Is 1610923 a prime number?
True
Is 54708887 a composite number?
True
Is 16712459 a composite number?
False
Is 5324059 a prime number?
False
Is 725891 a prime number?
True
Is 1967561 composite?
True
Is 17015093 a composite number?
False
Is 5666905 prime?
False
Is 100082047 a composite number?
True
Is 2608283 prime?
True
Is 53794471 a composite number?
False
Is 649937 prime?
True
Is 21281905 a prime number?
False
Is 74235347 composite?
False
Is 58418267 prime?
False
Is 25029178 prime?
False
Is 3481195 a prime number?
False
Is 175831751 prime?
True
Is 990959 prime?
False
Is 2569079 prime?
True
Is 49691701 a prime number?
True
Is 807997 prime?
True
Is 4183535 composite?
True
Is 930583 composite?
False
Is 98515069 prime?
True
Is 94370917 prime?
False
Is 5318179 composite?
True
Is 3265433 composite?
False
Is 4686911 a prime number?
True
Is 46470899 prime?
True
Is 185793821 composite?
False
Is 36964577 a composite number?
True
Is 288818553 prime?
False
Is 359213 composite?
True
Is 13034647 a prime number?
True
Is 84981539 composite?
False
Is 121685945 prime?
False
Is 13817607 prime?
False
Is 12987097 composite?
False
Is 799849 a composite number?
True
Is 521551 prime?
True
Is 4034663 prime?
False
Is 30127541 composite?
False
Is 2375231 a composite number?
False
Is 3136943 a composite number?
False
Is 5006945 prime?
False
Is 4826587 prime?
True
Is 26163923 a prime number?
False
Is 13214867 a composite number?
True
Is 5857693 a prime number?
False
Is 1442579 composite?
False
Is 3164519 prime?
True
Is 300569 composite?
False
Is 10861693 a composite number?
False
Is 1193579 composite?
True
Is 545579 a prime number?
True
Is 38369281 composite?
False
Is 59514311 composite?
False
Is 19525931 prime?
True
Is 69552599 composite?
False
Is 13114331 composite?
False
Is 189835265 a prime number?
False
Is 65729003 a composite number?
True
Is 5337829 composite?
True
Is 54153107 a composite number?
False
Is 27004763 composite?
False
Is 280257677 a prime number?
False
Is 14222191 composite?
False
Is 11558087 prime?
True
Is 476140538 composite?
True
Is 2799159953 a prime number?
False
Is 154222171 composite?
False
Is 241468807 prime?
False
Is 349422803 prime?
True
Is 3498467 a composite number?
True
Is 22343 prime?
True
Is 62818151 composite?
True
Is 49586681 prime?
True
Is 61436311 prime?
True
Is 29178361 composite?
F